9.
2459
What are the prime factors of 8046?
2, 3, 149
What are the prime factors of 286?
2, 11, 13
What are the prime factors of 9252?
2, 3, 257
What are the prime factors of 18493?
18493
What are the prime factors of 25829?
23, 1123
What are the prime factors of 5742?
2, 3, 11, 29
What are the prime factors of 106399?
103, 1033
What are the prime factors of 3075?
3, 5, 41
List the prime factors of 15455.
5, 11, 281
What are the prime factors of 61190?
2, 5, 29, 211
List the prime factors of 36173.
61, 593
List the prime factors of 8871.
3, 2957
List the prime factors of 21557.
21557
What are the prime factors of 18336?
2, 3, 191
What are the prime factors of 7651?
7, 1093
What are the prime factors of 29081?
13, 2237
List the prime factors of 61249.
23, 2663
What are the prime factors of 32420?
2, 5, 1621
What are the prime factors of 1618?
2, 809
What are the prime factors of 125047?
13, 9619
List the prime factors of 28399.
7, 4057
List the prime factors of 479.
479
What are the prime factors of 140004?
2, 3, 3889
List the prime factors of 1579.
1579
List the prime factors of 119775.
3, 5, 1597
List the prime factors of 1204.
2, 7, 43
List the prime factors of 58168.
2, 11, 661
What are the prime factors of 6076?
2, 7, 31
What are the prime factors of 532?
2, 7, 19
What are the prime factors of 19150?
2, 5, 383
What are the prime factors of 5403?
3, 1801
What are the prime factors of 6177?
3, 29, 71
List the prime factors of 13004.
2, 3251
List the prime factors of 2666.
2, 31, 43
List the prime factors of 9.
3
List the prime factors of 897.
3, 13, 23
What are the prime factors of 7079?
7079
What are the prime factors of 85741?
179, 479
What are the prime factors of 6887?
71, 97
List the prime factors of 116.
2, 29
What are the prime factors of 17940?
2, 3, 5, 13, 23
List the prime factors of 1635.
3, 5, 109
List the prime factors of 20815.
5, 23, 181
List the prime factors of 706.
2, 353
What are the prime factors of 3150?
2, 3, 5, 7
List the prime factors of 16678.
2, 31, 269
List the prime factors of 1649.
17, 97
List the prime factors of 122.
2, 61
List the prime factors of 326.
2, 163
List the prime factors of 3278.
2, 11, 149
List the prime factors of 12471.
3, 4157
What are the prime factors of 567?
3, 7
List the prime factors of 3115.
5, 7, 89
What are the prime factors of 20195?
5, 7, 577
What are the prime factors of 114?
2, 3, 19
What are the prime factors of 16756?
2, 59, 71
What are the prime factors of 2768?
2, 173
What are the prime factors of 743?
743
List the prime factors of 23331.
3, 7, 11, 101
List the prime factors of 3337.
47, 71
What are the prime factors of 945?
3, 5, 7
What are the prime factors of 174?
2, 3, 29
List the prime factors of 3120.
2, 3, 5, 13
List the prime factors of 2922.
2, 3, 487
What are the prime factors of 410?
2, 5, 41
What are the prime factors of 8457?
3, 2819
What are the prime factors of 139?
139
What are the prime factors of 2623?
43, 61
What are the prime factors of 1339?
13, 103
What are the prime factors of 2026?
2, 1013
What are the prime factors of 4223?
41, 103
What are the prime factors of 1395?
3, 5, 31
What are the prime factors of 14714?
2, 7, 1051
List the prime factors of 2328.
2, 3, 97
What are the prime factors of 4447?
4447
What are the prime factors of 6530?
2, 5, 653
What are the prime factors of 121216?
2, 947
List the prime factors of 528.
2, 3, 11
List the prime factors of 866.
2, 433
List the prime factors of 52819.
13, 17, 239
List the prime factors of 4485.
3, 5, 13, 23
What are the prime factors of 541?
541
List the prime factors of 3824.
2, 239
List the prime factors of 20469.
3, 6823
List the prime factors of 1592.
2, 199
List the prime factors of 17872.
2, 1117
List the prime factors of 5105.
5, 1021
List the prime factors of 4188.
2, 3, 349
List the prime factors of 186171.
3, 62057
What are the prime factors of 663?
3, 13, 17
List the prime factors of 3603.
3, 1201
List the prime factors of 511.
7, 73
What are the prime factors of 1045?
5, 11, 19
What are the prime factors of 5554?
2, 2777
List the prime factors of 65928.
2, 3, 41, 67
List the prime factors of 3867.
3, 1289
List the prime factors of 17284.
2, 29, 149
What are the prime factors of 19367?
107, 181
What are the prime factors of 5821?
5821
List the prime factors of 2656.
2, 83
What are the prime factors of 8188?
2, 23, 89
What are the prime factors of 6736?
2, 421
What are the prime factors of 56613?
3, 113, 167
List the prime factors of 1672.
2, 11, 19
List the prime factors of 2972.
2, 743
What are the prime factors of 1137?
3, 379
What are the prime factors of 886?
2, 443
List the prime factors of 1591.
37, 43
List the prime factors of 36468.
2, 3, 1013
What are the prime factors of 1070?
2, 5, 107
List the prime factors of 1806.
2, 3, 7, 43
List the prime factors of 854.
2, 7, 61
What are the prime factors of 997?
997
What are the prime factors of 14134?
2, 37, 191
List the prime factors of 1585.
5, 317
What are the prime factors of 4228?
2, 7, 151
List the prime factors of 645.
3, 5, 43
List the prime factors of 74780.
2, 5, 3739
List the prime factors of 26714.
2, 19, 37
List the prime factors of 60591.
3, 19, 1063
What are the prime factors of 3434?
2, 17, 101
List the prime factors of 33743.
41, 823
List the prime factors of 4040.
2, 5, 101
What are the prime factors of 1701?
3, 7
What are the prime factors of 120103?
120103
List the prime factors of 70763.
7, 11, 919
What are the prime factors of 723?
3, 241
What are the prime factors of 1524?
2, 3, 127
What are the prime factors of 101971?
107, 953
What are the prime factors of 35080?
2, 5, 877
What are the prime factors of 8464?
2, 23
What are the prime factors of 41902?
2, 7, 41, 73
What are the prime factors of 7853?
7853
List the prime factors of 12875.
5, 103
List the prime factors of 155512.
2, 7, 2777
What are the prime factors of 1807?
13, 139
List the prime factors of 585.
3, 5, 13
List the prime factors of 10397.
37, 281
List the prime factors of 2233.
7, 11, 29
What are the prime factors of 22602?
2, 3, 3767
What are the prime factors of 2325?
3, 5, 31
List the prime factors of 520.
2, 5, 13
List the prime factors of 168792.
2, 3, 13, 541
List the prime factors of 7092.
2, 3, 197
List the prime factors of 1770.
2, 3, 5, 59
List the prime factors of 529.
23
What are the prime factors of 43?
43
What are the prime factors of 22361?
59, 379
List the prime factors of 8022.
2, 3, 7, 191
List the prime factors of 180.
2, 3, 5
What are the prime factors of 2426?
2, 1213
What are the prime factors of 3927?
3, 7, 11, 17
List the prime factors of 1643.
31, 53
What are the prime factors of 79130?
2, 5, 41, 193
What are the prime factors of 1609?
1609
What are the prime factors of 70?
2, 5, 7
List the prime factors of 8715.
3, 5, 7, 83
What are the prime factors of 134064?
2, 3, 7, 19
What are the prime factors of 6503?
7, 929
What are the prime factors of 42302?
2, 13, 1627
What are the prime factors of 856?
2, 107
List the prime factors of 51146.
2, 107, 239
List the prime factors of 1087.
1087
What are the prime factors of 1074?
2, 3, 179
What are the prime factors of 7178?
2, 37, 97
List the prime factors of 1725.
3, 5, 23
What are the prime factors of 5809?
37, 157
What are the prime factors of 1553?
1553
What are the prime factors of 100609?
100609
What are the prime factors of 9103?
9103
What are the prime factors of 37614?
2, 3, 6269
What are the prime factors of 65122?
2, 32561
List the prime factors of 13467.
3, 67
What are the prime factors of 41587?
7, 13, 457
What are the prime factors of 6317?
6317
What are the prime factors of 83380?
2, 5, 11, 379
List the prime factors of 3989.
3989
List the prime factors of 762.
2, 3, 127
List the prime factors of 1130.
2, 5, 113
List the prime factors of 9268.
2, 7, 331
What are the prime factors of 2801?
2801
What are the prime factors of 601?
601
What are the prime factors of 1608?
2, 3, 67
List the prime factors of 24938.
2, 37, 337
List the prime factors of 1647.
3, 61
What are the prime factors of 450?
2, 3, 5
List the prime factors of 4992.
2, 3, 13
List the prime factors of 15971.
15971
List the prime factors of 1992.
2, 3, 83
What are the prime factors of 13285?
5, 2657
List th